 2) + (29 - 24)?
7
What is -7 + -8 + 2 + 3 + 1?
-9
What is -22 + 23 - (-14 + (-4 - -4) + 3)?
12
Calculate -12 + 2 - -5 - -8 - (-10 + -2).
15
13 + (2 - (-13 - -45))
-17
Calculate (-2 + 1 - -8) + 26 + -31.
2
-27 + -4 + 1 + 11
-19
3 + -14 + 7 + 8 - -2
6
35 - (21 + 32 + -8)
-10
What is the value of (-1 - -2 - (-28 + 37)) + 18?
10
Calculate (11 - (20 - 37)) + -36.
-8
What is the value of (-8 - (10 + -19)) + 7 + -20 - -8?
-4
Calculate 18 - (0 + (7 - 14) - -12).
13
Evaluate -27 + 66 + -70 - -27.
-4
Evaluate -43 - -48 - (1 - -5 - (-4 - -8)).
3
Evaluate -219 + 281 + -30 + -1.
31
Calculate -1 + 21 + -25 + 27 + -7.
15
What is -10 + ((-6 - -27) + 14 - 5)?
20
What is the value of 6 + (8 - (14 - 0) - 1)?
-1
Calculate (31 - -5) + -9 + -6.
21
12 + -40 - (-14 + -13)
-1
Calculate (3 - -2) + (155 - 149).
11
What is the value of -16 + -19 + 52 + (-2 - 1)?
14
What is the value of (0 - -1) + 8 + (296 - 288)?
17
Evaluate 109 + -129 - (-5 - -3).
-18
Calculate (1 - -2) + -1 - 6 - (-27 + 33).
-10
-37 - (-31 + 6 + -42)
30
5 + -9 + (10 - -3) + -8
1
Evaluate -2 - -3 - ((265 - 254) + 1 + 0).
-11
Calculate -4 + 16 - 40 - -22.
-6
Evaluate -32 + -1 - -17 - -14.
-2
Evaluate 10 + 8 + (-16 - -18).
20
What is the value of 45 + -38 - (-10 + 1) - (3 + -2)?
15
Evaluate (-7 - (-11 - -11)) + 16 + (2 - 1).
10
-3 - ((-18 - -13) + 30 + -13)
-15
-28 + 28 + 16 + -36
-20
-64 + 72 + -9 + 1
0
What is 7 - (-3 + 2 + 12)?
-4
Evaluate (0 - 1) + 3 + (-17 - (-14 - 7)).
6
What is 6 + (6 - 3) + -8?
1
0 + 7 + 6 + (-1 - 27)
-15
What is the value of 16 + (0 - -19 - 3 - -5)?
37
1 - 18 - (35 - 64 - -34)
-22
Calculate 16 + 20 + -7 - 16.
13
What is the value of 10 - ((11 - 5) + -3)?
7
Evaluate 8 + 10 + (-21 - -5) - 6.
-4
What is the value of (-367 - -335) + 13 + -4?
-23
What is the value of 8 + (-26 - -15) + -1 + 1?
-3
Evaluate -41 + 8 + -3 - ((5 - 5) + -8).
-28
-4 - 7 - (-32 - -16)
5
What is the value of -6 - (4 + -10) - -10?
10
Calculate -34 + (0 - 17) + 32.
-19
(-11 - -47) + -25 + 0 + -1 + 3
13
Calculate (-6 - -22 - 4 - 6) + -9 - -20.
17
(-12 - 9 - -8) + 4
-9
Evaluate -25 - (-33 - (-30 - 10)).
-32
Evaluate 18 + (-24 - 29) + 0 + 9.
-26
What is the value of 3 - 21 - (-43 + 46)?
-21
What is (3 - (-6 + 10)) + (6 - (-3 + 11))?
-3
Evaluate 48 + (5 - 34) + 3.
22
6 + (-10 - 0 - (12 + (-14 - -6)))
-8
13 - (42 + -37 + (9 - 3))
2
What is the value of -6 - ((-2 - 9) + (-10 - -16) + 1)?
-2
Evaluate 5 + (-5 + 6 - (-10 + 12)).
4
What is the value of -8 + (9 - -2) + 8 + -8?
3
What is (4 + 0 - -5) + -17 - (8 - 1)?
-15
What is the value of -1 - (3 + -16) - 5?
7
Evaluate (5 - 6) + (27 - 5) + -11.
10
What is -31 + (1 - -11) + 33?
14
What is (2 - 14) + 46 + -33?
1
Calculate (-4 - 18) + (-6 + 0 - -5) + -2.
-25
Evaluate 5 + -1 - (0 + (4 - 6) + 4).
2
Evaluate 0 + (-7 - (-9 + 7) - 7).
-12
Calculate -2 + -11 + (-4 + (-5 - -13) - -4).
-5
What is 170 + -167 - (0 - 1 - -3)?
1
Evaluate 0 + ((-19 - -22) + 2 + 0 - 3).
2
7 - (-5 - (-25 - -15))
2
What is the value of 2 - (71 + -93 + (-4 - -3) + 0)?
25
-7 - (-11 + 19 - -4 - -9)
-28
Calculate -90 - (-69 + 34) - -25.
-30
Calculate -1 + (6 - -3) + 4 - 8.
4
What is (-1 - (5 + 3) - -18) + (0 - -4)?
13
Calculate 0 - -1 - (-1 + (4 - 0) + -2).
0
Calculate 7 + 2 - (32 + (-20 - -1)).
-4
What is 41 + (-21 - (-30 + 19))?
31
Calculate (8 - 2) + (47 - 64) - -6.
-5
What is the value of 34 - 43 - (-6 + 13)?
-16
(-2 - -35 - -2) + 6 + -16 + -1
24
What is 0 + 0 + -13 + 15?
2
What is 20 + -18 + 12 + -4?
10
What is 3 + -11 - (-1 - 19 - -3)?
9
What is -46 + -2 + 5 - (108 + -125)?
-26
Evaluate 2 + 1 + -27 + 11 + 13.
0
Calculate (-7 - -10) + 4 - 7 - -3.
3
Calculate (-1 - (1 - (3 + -1))) + -2 + 3.
1
What is -18 - 0 - (-15 - (13 - 28))?
-18
(2 - -13) + (-10 - (21 - 21))
5
(2 + -3 - 2) + (74 - 36) + -58
-23
Calculate 2 - 13 - ((8 - 11 - -12) + -7).
-13
What is -12 - (4 + (1 - (4 + 8 + -5)))?
-10
10 + (7 - 6 - (-4 + 2 - -7))
6
Calculate 16 - (-13 - (-14 - 14)).
1
What is 1 + (8 + -19 - -19 - (6 - 3))?
6
Evaluate -10 - (-2 + 15 + -9).
-14
What is the value of 10 - (-14 + (15 - -3))?
6
What is 96 + -91 - (7 - -1) - -7?
4
Calculate (-8 - -15) + (-1 + -1 - -12) - 5.
12
What is the value of 0 - -8 - (-24 - -38) - -9?
3
What is 534 + -502 - (-1 + 3 - (2 - 3))?
29
Evaluate 0 + 0 + 16 + (353 - 343).
26
Calculate (-3 - (3 + -1 + (-9 - -6))) + 6.
4
What is 0 + -1 + 2 + 537 + -528?
10
Evaluate (-6 - 0 - (-16 + 7)) + -2 + 2.
3
Evaluate -22 + ((0 - (0 + 6)) + 8 - 5).
-25
Calculate 26 + -8 + (16 - 5).
29
Evaluate (5 + 0 + 17 - -1) + (29 - 27).
25
What is 1 + -1 + -3 + (-34 - (100 - 109))?
-28
What is (-2 - (5 - 14)) + -3?
4
What is the value of -27 - -14 - -14 - 9?
-8
13 + 0 - (-179 + 220)
-28
Calculate 6 + 2 + (9 - 8) + (-2 - -9).
16
What is -10 + 5 + 6 + 8 + -10?
-1
3 + (-3 - (3 + -10))
7
Calculate (19 + (-5 - 17) - (-17 - 0)) + -7.
7
Evaluate 2 + -10 - (-1 + -24 - -10) - 12.
-5
(43 - 44 - (-4 - -1)) + -5 + 20
17
What is the value of -98 + 106 + (-21 - 0 - (1 + 0))?
-14
What is the value of 41 + -48 + 2 + (2 - 2 - -14)?
9
Calculate 5 + 5 - (55 + -58).
13
What is the value of (8 - (-9 - -6)) + -7?
4
What is -698 + 641 - (-3 + -25)?
-29
What is the value of -17 + -50 + (51 - 17)?
-33
Evaluate -2 + -7 + (36 - 18) - 4.
5
(-2 - -9) + -12 - (14 + -11)
-8
Evaluate -27 + 22 + 5 + 5 - -9.
14
What is -20 + (247 + -273 - (0 + -9))?
-37
-9 - (-17 - -24 - 31)
15
Calculate 29 + -24 + (8 - 8).
5
Evaluate -53 - (-11 + -3 + -21).
-18
Calculate 5 - (-8 - (-16 - (-7 - -1))).
3
Calculate -10 + 8 + -2 + 10.
6
4 - (9 + 5 - 9)
-1
-8 + -5 + 28 + 26 + -31
10
What is the value of 8 + 8 + (13 - 40)?
-11
What is the value of -3 + (24 - 2) + (12 - 7)?
24
What is -24 + 36 + -12 + -2?
-2
Calculate -8 - (26 - 19) - -21.
6
Evaluate 3 - 26 - -7 - ((-13 - -12) + 10).
-25
Calculate 5 + (-10 - -3 - (-20 + 2)).
16
Evaluate (9 - (8 + 1)) + (6 - (3 + -2)).
5
What is the value of -11 + (-15 - -26) - 4?
-4
Evaluate (6 - 0 - 6 - -6) + -1 + 4.
9
What is (-282 - -272) + (7 - (-5 + 3))?
-1
What is 18 - (5 - 0 - 2 - -4)?
11
(-24 - -50) + -36 + 41
31
Calculate 4 + 8 + -5 - (2 + -6).
11
What is (29 - (44 - 18)) + 17?
20
Evaluate -31 + (3 - 5 - -20).
-13
What is (26 - (-5 + 10)) + 1 + -4?
18
What is the value of 252 - 258 - (-6 - -1 - (-2 - 0))?
-3
-9 - (-9 + 3 - ((-1 - -1) + -1))
-4
What is 11 - ((-1 - 6) + (9 - 10))?
19
Calculate (-22 - (6 + -17)) + 16 + 0.
5
Evaluate 2 - (6 + -1 - 4).
1
7 + ((0 - 2) + -7 + 15 - 0)
13
59 - ((31 - -1) + 13)
14
Evaluate 39 - (8 - (15 + -40)).
6
Evaluate -11 - -12 - (-7 + (0 - -7)).
1
Evaluate (-17 - -21) + (-5 + -9 + 1 - -5).
-4
What is 133 - 137 - (-10 - -1)?
5
Evaluate (1 + 17 - 10) + -2.
6
0 - (-8 - 0 - -13 - (7 + 0))
2
Evaluate 11 - (-22 - -24 - ((-9 - -2) + 2)).
4
What is (-11 - (-1 + 3 + -10)) + -7 + 4?
-6
Evaluate (17 - (13 + 10)) + (10 - 1).
3
(-4 + 4 - (-16 + 8)) + -8
0
Evaluate (-16 - (15 - 24)) + -2 + 2 - 7.
-14
Evaluate (13 - -3 - 7) + 1.
10
What is 41 - (-2 - -22 - (-71 + 78))?
28
Evaluate (-3 - ((-9 - -7) + -6 - -3)) + -25.
-23
-16 - (-11 - 7) - -2
4
(-32 - (-45 - -18)) + 42
37
Evaluate 4 - (-5 + -5 + -7 - 5 - -2).
24
Calculate -24 - (-81 + 72 - (1 - 10)).
-24
Evaluate -4 - 7 - (5 + -10) - 3.
-9
What is (5 - 0) + -2 + 3 + (-240 - -252)?
18
Calculate 195 + -189 - (-3 - -13).
-4
Calculate (0 - 10) + (543 - 528).
5
Evaluate -7 - (1 - (6 - (9 - (0 + 8)))).
-3
Calculate 10 - ((10 - 7) + -5) - 24.
-12
What is (-5 - 1) + (-15 - -15 - -15)?
9
Calculate (0 - 7) + (6 - (29 + (-14 - -6))).
-22
-18 - (10 + 5 - 8 - 0)
-25
-32 - (-31 - 8 - -17)
-10
(1 + 6 - (26 + -16)) + 7
4
What is 1 + 3 + -16 + 5 - -11?
4
Calculate (3 + -2 - -2) + -9 + 18 + -6.
6
Calculate (28 - 0) + (728 - 750).
6
Calculate -4 + (-10 + (9 - -1) - -12) + -4.
4
What is -12 + -13 + 51 + (-18 - -9)?
17
Calculate -2 + (4 - 2) + (-1 - (4 + -11)).
6
Evaluate -1 - (0 + 0) - (-18 - (-27 + 19)).
9
What is the value of 24 + (-25 - (-28 - -25))?
2
Calculate (-15 - (-15 + -8)) + (-10 - 1).
-3
1 + 6 + (2 - 2) + -27 + 7
-13
Evaluate -1 - (-22 + (13 - 1)).
9
What is 15 + (25 - 37) - (-1 - -3) - 9?
-8
(7 - 12) + 2 + 1 + -2 + 0
-4
175 + -197 - ((4 - 1) + -1 + 4)
-28
What is the value of -10 + -8 + 34 + -14?
2
Calculate -14 - (-1 - 2 - (18 - 14)).
-7
Calculate -3 + (7 - 9) + -1 + 2 + 8.
4
What is the value of 4 + -6 - 3 - -3?
-2
Calculate 31 + (-8 - (-7 + 15)).
15
What is (6 - 10) + 6 + 